 547. Calculate t(32).
3
Let w(r) = 81*r + 155. Calculate w(-2).
-7
Let z(o) = -8*o**2 - 54*o + 172. What is z(3)?
-62
Let k(g) = 22*g - 1457. Determine k(48).
-401
Let l(b) = -4008*b + 23. Determine l(0).
23
Let u(w) = -2*w**3 - 52*w**2 - 57*w - 129. What is u(-25)?
46
Let t(g) = 2*g**2 + 87*g + 738. Give t(-11).
23
Let x(p) = -29*p**2 + 91*p - 115. What is x(3)?
-103
Let t(q) = q**3 - 14*q**2 + 10*q + 34. Determine t(13).
-5
Let z(y) = -7*y**2 + 117*y + 45. What is z(17)?
11
Let v(c) = 9*c - 348. Give v(12).
-240
Let i(q) = 210*q - 5589. Give i(27).
81
Let v(x) = x**2 - 11*x - 482. Determine v(27).
-50
Let c(x) = -x**3 - 51*x**2 - 639*x - 12. Give c(-22).
10
Let y(z) = 2*z**3 + 12*z**2 - 7*z - 61. Calculate y(-6).
-19
Let b(h) = -h**2 + 14*h + 1792. Calculate b(50).
-8
Let b(z) = 2*z**3 - 19*z**2 - 55*z - 62. Determine b(12).
-2
Let r(q) = 2*q**3 - 26*q**2 + 7*q - 64. Determine r(13).
27
Let f(q) = q**2 - 273*q + 3131. Determine f(12).
-1
Let x(z) = 4*z**2 - 88*z + 297. Determine x(18).
9
Let s(u) = -8*u**2 + 185*u - 17. What is s(23)?
6
Let w(q) = q**2 + 3*q - 157. Calculate w(-22).
261
Let t(n) = -2*n**3 - 19*n**2 - 16*n - 8. Calculate t(-9).
55
Let c(i) = -i**3 + 46*i**2 - 80*i - 56. Determine c(44).
296
Let o(i) = -i**3 - 52*i**2 - 324*i + 1194. Give o(-44).
-38
Let j(o) = -o**2 - 382*o - 2622. Determine j(-7).
3
Let x(v) = -13*v - 395. What is x(-10)?
-265
Let v(b) = -2940*b - 11789. Determine v(-4).
-29
Let v(f) = -199*f - 94. Determine v(-1).
105
Let c(a) = 21*a - 87. Give c(5).
18
Let b(i) = 637*i - 2553. Calculate b(4).
-5
Let a(y) = 31*y**3 + 4*y**2 - 9*y + 6. Determine a(1).
32
Let y(f) = -3*f**3 + 4*f - 156. Calculate y(0).
-156
Let v(b) = -2*b**2 + 23*b + 272. What is v(-15)?
-523
Let q(j) = -j**2 - 5*j + 22. Determine q(-27).
-572
Let f(y) = 95*y + 3003. Determine f(-32).
-37
Let g(w) = -2*w**3 + 20*w**2 - 5*w - 85. Give g(9).
32
Let r(n) = 5*n**3 - 181*n**2 - 1764*n + 45. Give r(-8).
13
Let q(x) = 5*x - 40. Calculate q(-15).
-115
Let l(o) = 1813*o + 18170. Calculate l(-10).
40
Let h(a) = -20*a + 213. Determine h(15).
-87
Let n(l) = 19*l**2 - 129*l - 14. Give n(7).
14
Let x(j) = -18*j**2 + 831*j + 1576. Give x(48).
-8
Let z(o) = o**2 - 325*o + 25453. Calculate z(132).
-23
Let j(p) = -p**3 + 13*p**2 - 30*p + 5. Determine j(8).
85
Let l(c) = 3*c**3 + 8*c**2 - c - 6. Determine l(-3).
-12
Let v(o) = -o**2 - 168*o - 1576. Give v(-10).
4
Let u(g) = -g**2 + 369*g + 7781. Give u(-20).
1
Let x(c) = c**2 - 691*c - 7731. What is x(-11)?
-9
Let b(u) = -3*u**2 - 79*u - 96. Calculate b(-26).
-70
Let t(w) = 6*w + 39. What is t(-7)?
-3
Let v(y) = 5*y**2 - 195*y + 5. Calculate v(39).
5
Let a(p) = -258*p + 2308. Calculate a(9).
-14
Let l(o) = o**3 - 41*o**2 + 76*o + 58. Give l(39).
-20
Let l(k) = 9*k**3 + 5*k**2 + 6*k + 7. Calculate l(0).
7
Let u(m) = -m**2 - 105*m + 3884. Give u(29).
-2
Let q(b) = -b**2 + 2351*b + 18883. Calculate q(-8).
11
Let a(s) = s**2 + 363*s + 4212. What is a(-12)?
0
Let m(z) = -37*z - 4544. Give m(-123).
7
Let f(h) = 3*h**3 + 3*h**2 + 12*h + 19. Determine f(0).
19
Let l(j) = 47*j + 418. Give l(-9).
-5
Let w(u) = u**3 - 22*u**2 + 12*u - 270. Calculate w(22).
-6
Let f(r) = r**3 + r**2 - 5*r - 4. Calculate f(3).
17
Let m(k) = -k**3 - 12*k**2 - 26*k - 43. What is m(-10)?
17
Let v(t) = -t**2 - 80*t + 385. Give v(5).
-40
Let g(s) = 31*s - 483. Give g(11).
-142
Let p(k) = k**3 - 106*k**2 + 139*k - 3556. What is p(105)?
14
Let d(n) = -7*n**2 + 62*n - 80. Calculate d(7).
11
Let u(t) = 2*t**2 - 93*t + 209. Give u(48).
353
Let o(q) = q**2 - 60*q + 490. What is o(50)?
-10
Let u(o) = o**3 - 10*o**2 - 30*o + 386. Give u(8).
18
Let p(k) = 2*k**3 + 23*k**2 - 40*k + 39. What is p(-13)?
52
Let j(z) = 2*z**2 - 10*z - 38. What is j(10)?
62
Let c(n) = n**2 + 71*n - 2689. Give c(-98).
-43
Let j(n) = -n**3 - 7*n**2 + 20*n + 87. Give j(-7).
-53
Let d(o) = -10*o**2 + 15*o + 743. What is d(-8)?
-17
Let b(q) = -68*q + 1301. What is b(28)?
-603
Let k(z) = -z**2 + 4*z + 35. Calculate k(8).
3
Let s(g) = g**2 - 5764*g - 127296. Determine s(-22).
-4
Let h(r) = 6*r**2 + 80*r + 135. Determine h(-2).
-1
Let q(z) = 6*z**2 - 10*z + 13. What is q(2)?
17
Let s(p) = 171*p - 482. Calculate s(3).
31
Let v(n) = -2*n**3 - 26*n**2 + 178*n + 2294. Determine v(-13).
-20
Let z(d) = d**2 - 14*d - 27. Give z(11).
-60
Let l(n) = 60*n**2 - 38*n - 113. Calculate l(-3).
541
Let p(m) = 23*m - 115. Determine p(4).
-23
Let v(m) = m**3 + 6*m**2 - 43*m - 47. Give v(-10).
-17
Let i(g) = -2*g**3 + 199*g**2 - 4088*g - 26. What is i(29)?
3
Let g(r) = -2*r**3 + 87*r**2 - 79*r + 1663. What is g(43)?
115
Let r(t) = 2*t**3 - 7*t**2 + 2*t - 35. Determine r(0).
-35
Let g(t) = -4*t**3 + 25*t**2 - 6*t + 202. Give g(7).
13
Let c(z) = 3257*z + 61881. What is c(-19)?
-2
Let f(y) = 105*y - 9031. Calculate f(86).
-1
Let v(i) = 7*i**2 - 43*i - 217. Give v(-5).
173
Let q(l) = 12*l**2 - 5*l - 9. Give q(-1).
8
Let c(n) = n**3 + 24*n**2 + 88*n - 31. Calculate c(-10).
489
Let l(f) = -2*f**3 - 138*f**2 - 4*f - 216. Calculate l(-69).
60
Let q(s) = 5*s**2 + 153*s + 236. Calculate q(-29).
4
Let z(v) = 160*v + 863. What is z(-6)?
-97
Let q(h) = -3*h**2 + 174*h - 123. Calculate q(58).
-123
Let k(i) = -i**3 - 2*i**2 + 186*i - 358. What is k(2)?
-2
Let j(o) = -107*o - 1515. Calculate j(-15).
90
Let s(i) = 4*i**2 - 3*i - 20. Calculate s(0).
-20
Let g(h) = 18*h - 188. Determine g(5).
-98
Let j(w) = -2*w - 203. What is j(-8)?
-187
Let y(r) = r**2 - 141*r + 4170. Determine y(42).
12
Let h(a) = a**3 + 31*a**2 - 3*a - 89. Calculate h(-31).
4
Let h(c) = -c**2 - 106*c + 5217. Determine h(36).
105
Let c(x) = x**3 + x**2 - 27*x + 20. Give c(-7).
-85
Let l(g) = g**3 - 211*g**2 - 2680*g + 872. Calculate l(223).
-20
Let q(g) = 136*g - 537. Determine q(4).
7
Let m(r) = 6*r + 138. Calculate m(-35).
-72
Let f(m) = 3808*m + 15231. Determine f(-4).
-1
Let g(l) = -13*l**3 - 89*l**2 - 8*l - 42. Determine g(-7).
112
Let i(g) = -3*g**2 + 52*g - 8. Calculate i(17).
9
Let z(j) = -3*j**3 + 19*j**2 + 32*j + 36. Give z(8).
-28
Let n(o) = 6*o**2 - 518*o + 517. Calculate n(1).
5
Let u(i) = 24*i**2 - 121*i - 5. What is u(5)?
-10
Let k(a) = 22*a**2 - 32*a - 51. Determine k(-5).
659
Let u(x) = -25*x + 19. Determine u(2).
-31
Let i(m) = 30*m + 581. Calculate i(-15).
131
Let h(f) = 389*f + 20240. Determine h(-52).
12
Let u(k) = 22*k - 265. Calculate u(16).
87
Let b(n) = 2*n**3 + 82*n**2 + 71*n - 98. What is b(-40)?
262
Let j(u) = -87*u + 3061. What is j(35)?
16
Let y(u) = -5*u**3 - 146*u**2 + 123*u + 37. Calculate y(-30).
-53
Let v(c) = -14*c - 866. Determine v(-62).
2
Let c(s) = 9*s - 361. Calculate c(55).
134
Let c(k) = k**2 + 364*k + 3264. Determine c(-9).
69
Let g(a) = -a**2 + 13*a - 43. Calculate g(11).
-21
Let m(s) = 2*s**3 - 89*s**2 - 150*s + 1. Determine m(46).
-551
Let n(a) = 762*a - 9920. What is n(13)?
-14
Let p(y) = 268*y + 2739. Determine p(-10).
59
Let m(r) = 4*r**3 - 6*r**2 + 18*r - 24. Give m(5).
416
Let c(i) = 24*i - 141. Determine c(12).
147
Let t(h) = -h**3 - 15*h**2 - 31*h - 53. Calculate t(-13).
12
Let a(y) = 6*y**3 + 16*y**2 - 16*y + 2. Give a(1).
8
Let y(u) = -5*u**3 - 4*u**2 + 3*u + 19. Determine y(2).
-31
Let u(p) = 535*p**2 - 1593*p + 10. Determine u(3).
46
Let r(s) = -s**2 + 14*s + 476. Determine r(35).
-259
Let n(y) = -2321*y + 20802. Determine n(9).
-87
Let p(a) = a**2 + 69*a - 297. Calculate p(4).
-5
Let w(l) = 25*l + 296. Determine w(-33).
-529
Let i(w) = -4581*w - 27483. What is i(-6)?
3
Let v(s) = s**3 - 94*s + 360. Determine v(4).
48
Let m(v) = 126*v**2 - 47507*v + 1888. What is m(377)?
3
Let i(b) = -5*b**3 - 71*b**2 - 14*b - 22. Give i(-14).
-22
Let h(v) = v**2 + 14*v - 61. What is h(-9)?
-106
Let f(y) = -y + 32. Determine f(44).
-12
Let n(p) = -p**3 - 68*p**2 - 194*p + 66. Calculate n(-65).
1
Let q(r) = -r**2 - 26*r + 38. Determine q(-28).
-18
Let z(l) = -6*l**3 + 3*l**2 - 4*l + 4. Calculate z(2).
-40
Let a(z) = -12*z**2 + 13*z + 173. Give a(-8).
-699
Let b(x) = 449*x - 869. Give b(2).
29
Let m(s) = -351*s - 2844. What is m(-8)?
-36
Let x(m) = -6*m**3 - 365*m**2 + 69*m + 489. Calculate x(-61).
1
Let b(t) = -30*t**2 - 11340*t - 1. Give b(-378).
-1
Let m(h) = h**3 - 77*h**2 - 80*h + 189. Give m(78).
33
Let x(c) = -c**3 - 19*c**2 - 17*c + 23. Calculate x(-18).
5
Let a(o) = 2903*o - 133521. Calculate a(46)